{"id":122,"date":"2014-02-17T17:28:17","date_gmt":"2014-02-17T17:28:17","guid":{"rendered":"http:\/\/sonja-bagge.de\/?page_id=122"},"modified":"2022-03-08T09:29:03","modified_gmt":"2022-03-08T09:29:03","slug":"kosten","status":"publish","type":"page","link":"https:\/\/sonja-bagge.de\/?page_id=122","title":{"rendered":"Kosten"},"content":{"rendered":"\n<div class=\"wp-block-image is-style-default\"><figure class=\"alignright size-large is-resized\"><img loading=\"lazy\" decoding=\"async\" src=\"https:\/\/sonja-bagge.de\/wp-content\/uploads\/2020\/08\/euro-2137482_640.jpg\" alt=\"euro 2137482 640\" class=\"wp-image-566\" width=\"240\" height=\"320\" srcset=\"https:\/\/sonja-bagge.de\/wp-content\/uploads\/2020\/08\/euro-2137482_640.jpg 480w, https:\/\/sonja-bagge.de\/wp-content\/uploads\/2020\/08\/euro-2137482_640-225x300.jpg 225w\" sizes=\"auto, (max-width: 240px) 100vw, 240px\" \/><\/figure><\/div>\n\n\n\n<p class=\"has-black-color has-text-color\">Ich rechne nach der der Geb\u00fchrenordnung f\u00fcr\u00a0 Heilpraktik (Geb\u00fcH) ab. Die Kosten f\u00fcr die Behandlung werden von den Patientinnen und Patienten selber \u00fcbernommen, ausser es besteht eine private Krankenzusatzversicherung. <br><br>Eine Behandlung dauert ca. 50 Minuten und kostet 60,00 Euro. F\u00fcr Kinder, ALG2- Empf\u00e4nger*innen, Renter*innen und Gering-verdiener*innen ist auf Anfrage eine Erm\u00e4ssigung auf 45,00 Euro m\u00f6glich.<\/p>\n\n\n\n<p class=\"has-black-color has-text-color\">Sind z.B. bei akuten Schmerzen mehrere Termine in kurzer Zeit sinnvoll, k\u00f6nnen individuelle Konditionen vereinbart werden: Es ist mir wichtig, dass Gesundheit bezahlbar ist.<\/p>\n\n\n\n<p class=\"has-black-color has-text-color\">Beim ersten Termin wird der weitere Behandlungsverlauf besprochen, auch im Hinblick auf die Kosten, die im Falle einer weiteren Behandlung auf Sie zu kommen.<\/p>\n\n\n\n<p class=\"has-black-color has-text-color\">Gerne k\u00f6nnen Sie auch zu einem kostenlosen Vorgespr\u00e4ch in die Praxis f\u00fcr Naturheilkunde kommen.<\/p>\n\n\n\n<p class=\"has-black-color has-text-color\">Falls Sie noch Fragen haben oder einen Termin vereinbaren m\u00f6chten, freue ich mich, wenn Sie sich bei mir melden.<\/p>\n","protected":false},"excerpt":{"rendered":"<div class=\"slide-text-bg2\"><span>Ich rechne nach der der Geb\u00fchrenordnung f\u00fcr\u00a0 Heilpraktik (Geb\u00fcH) ab. Die Kosten f\u00fcr die Behandlung werden von den Patientinnen und Patienten selber \u00fc<\/span><\/div>\n<div class=\"slide-btn-area-sm\"><a href=\"https:\/\/sonja-bagge.de\/?page_id=122\" class=\"slide-btn-sm\">weiterlesen<\/a><\/div>\n","protected":false},"author":1,"featured_media":0,"parent":8,"menu_order":75,"comment_status":"closed","ping_status":"closed","template":"","meta":{"footnotes":""},"class_list":["post-122","page","type-page","status-publish","hentry"],"_links":{"self":[{"href":"https:\/\/sonja-bagge.de\/index.php?rest_route=\/wp\/v2\/pages\/122","targetHints":{"allow":["GET"]}}],"collection":[{"href":"https:\/\/sonja-bagge.de\/index.php?rest_route=\/wp\/v2\/pages"}],"about":[{"href":"https:\/\/sonja-bagge.de\/index.php?rest_route=\/wp\/v2\/types\/page"}],"author":[{"embeddable":true,"href":"https:\/\/sonja-bagge.de\/index.php?rest_route=\/wp\/v2\/users\/1"}],"replies":[{"embeddable":true,"href":"https:\/\/sonja-bagge.de\/index.php?rest_route=%2Fwp%2Fv2%2Fcomments&post=122"}],"version-history":[{"count":11,"href":"https:\/\/sonja-bagge.de\/index.php?rest_route=\/wp\/v2\/pages\/122\/revisions"}],"predecessor-version":[{"id":608,"href":"https:\/\/sonja-bagge.de\/index.php?rest_route=\/wp\/v2\/pages\/122\/revisions\/608"}],"up":[{"embeddable":true,"href":"https:\/\/sonja-bagge.de\/index.php?rest_route=\/wp\/v2\/pages\/8"}],"wp:attachment":[{"href":"https:\/\/sonja-bagge.de\/index.php?rest_route=%2Fwp%2Fv2%2Fmedia&parent=122"}],"curies":[{"name":"wp","href":"https:\/\/api.w.org\/{rel}","templated":true}]}}