{"id":382,"date":"2020-08-26T19:32:42","date_gmt":"2020-08-26T19:32:42","guid":{"rendered":"https:\/\/sonja-bagge.de\/?page_id=382"},"modified":"2023-03-21T12:16:05","modified_gmt":"2023-03-21T12:16:05","slug":"medizinische-hypnose","status":"publish","type":"page","link":"https:\/\/sonja-bagge.de\/?page_id=382","title":{"rendered":"Medizinische Hypnose"},"content":{"rendered":"\n<div class=\"wp-block-image is-style-rounded\"><figure class=\"alignright size-medium is-resized\"><img loading=\"lazy\" decoding=\"async\" src=\"https:\/\/sonja-bagge.de\/wp-content\/uploads\/2020\/08\/10951macrovector-wwwfreepikcom-180x300.jpg\" alt=\"\" class=\"wp-image-384\" width=\"283\" height=\"472\" srcset=\"https:\/\/sonja-bagge.de\/wp-content\/uploads\/2020\/08\/10951macrovector-wwwfreepikcom-180x300.jpg 180w, https:\/\/sonja-bagge.de\/wp-content\/uploads\/2020\/08\/10951macrovector-wwwfreepikcom-615x1024.jpg 615w, https:\/\/sonja-bagge.de\/wp-content\/uploads\/2020\/08\/10951macrovector-wwwfreepikcom-768x1278.jpg 768w, https:\/\/sonja-bagge.de\/wp-content\/uploads\/2020\/08\/10951macrovector-wwwfreepikcom-923x1536.jpg 923w, https:\/\/sonja-bagge.de\/wp-content\/uploads\/2020\/08\/10951macrovector-wwwfreepikcom-1231x2048.jpg 1231w, https:\/\/sonja-bagge.de\/wp-content\/uploads\/2020\/08\/10951macrovector-wwwfreepikcom-scaled.jpg 1539w\" sizes=\"auto, (max-width: 283px) 100vw, 283px\" \/><\/figure><\/div>\n\n\n\n<p>Die medizinische Hypnose hat ihren Ursprung in der Psychotherapie und findet heute auch in der Medizin Anwendung. Durch den Trance-Zustand ist es m\u00f6glich, das Unterbewusstsein des Patienten anzusprechen und positive Ver\u00e4nderungen zu bewirken. Dabei ist es wichtig zu betonen, dass die Hypnose keine Kontrolle \u00fcber den Patienten aus\u00fcbt und er immer selbstbestimmt handelt. Vielmehr ist es ein Zustand der tiefen Entspannung und Konzentration, in dem der Patient offen f\u00fcr Ver\u00e4nderungen ist.<br><\/p>\n\n\n\n<p><\/p>\n\n\n\n<p>In der medizinischen Hypnose werden oft auch kreative Techniken wie Visualisierungen oder Metaphern eingesetzt, um das Unterbewusstsein des Patienten zu aktivieren und eine Ver\u00e4nderung herbeizuf\u00fchren. So k\u00f6nnen beispielsweise \u00c4ngste gel\u00f6st oder neue Verhaltensmuster etabliert werden. Auch bei der Rauchentw\u00f6hnung kann die medizinische Hypnose helfen, indem sie das Verlangen nach Zigaretten reduziert und das Selbstbewusstsein st\u00e4rkt.<br><\/p>\n\n\n\n<p>Die medizinische Hypnose kann auch bei k\u00f6rperlichen Beschwerden wie Schmerzen eingesetzt werden. Durch das Ansprechen des Unterbewusstseins k\u00f6nnen die Schmerzen gelindert werden, indem der Patient lernt, sie anders wahrzunehmen und zu beeinflussen.<br><\/p>\n\n\n\n<p>Auch bei psychosomatischen Erkrankungen kann die medizinische Hypnose helfen, indem sie das Verh\u00e4ltnis zwischen K\u00f6rper und Psyche wieder in Einklang bringt.<br><\/p>\n\n\n\n<p><\/p>\n\n\n\n<p>Wenn Sie Interesse an einer Behandlung mit medizinischer Hypnose haben, sprechen Sie mich an, oder vereinbaren Sie einen Termin. Gemeinsam k\u00f6nnen wir besprechen, welche Ziele Sie verfolgen und wie die Hypnose Ihnen dabei helfen kann, die gew\u00fcnschten positive Ver\u00e4nderungen herbeizuf\u00fchren.<\/p>\n\n\n\n<p><\/p>\n\n\n\n<p class=\"has-black-color has-text-color\"><strong>Typische Anwendungsgebiete von medizinischer Hypnose sind:<\/strong><\/p>\n\n\n\n<p class=\"has-black-color has-text-color\">\u2022 Depression und \u00c4ngste <br>\u2022 Schlafst\u00f6rungen <br>\u2022 psychosomatische Erkrankungen <br>\u2022 Rauchentw\u00f6hnung <br>\u2022 akute und chronische Schmerzen <br>\u2022 Erkrankungen jeder Zustand, der eine Aktivierung der Selbstheilungskr\u00e4fte erfordern<br>\u2022 Unterst\u00fctzung von gew\u00fcnschten \u00c4nderungen im pers\u00f6nlichen Lebensstil<\/p>\n","protected":false},"excerpt":{"rendered":"<div class=\"slide-text-bg2\"><span>Die medizinische Hypnose hat ihren Ursprung in der Psychotherapie und findet heute auch in der Medizin Anwendung. Durch den Trance-Zustand ist es m\u00f6glich,<\/span><\/div>\n<div class=\"slide-btn-area-sm\"><a href=\"https:\/\/sonja-bagge.de\/?page_id=382\" class=\"slide-btn-sm\">weiterlesen<\/a><\/div>\n","protected":false},"author":1,"featured_media":0,"parent":8,"menu_order":41,"comment_status":"closed","ping_status":"closed","template":"","meta":{"footnotes":""},"class_list":["post-382","page","type-page","status-publish","hentry"],"_links":{"self":[{"href":"https:\/\/sonja-bagge.de\/index.php?rest_route=\/wp\/v2\/pages\/382","targetHints":{"allow":["GET"]}}],"collection":[{"href":"https:\/\/sonja-bagge.de\/index.php?rest_route=\/wp\/v2\/pages"}],"about":[{"href":"https:\/\/sonja-bagge.de\/index.php?rest_route=\/wp\/v2\/types\/page"}],"author":[{"embeddable":true,"href":"https:\/\/sonja-bagge.de\/index.php?rest_route=\/wp\/v2\/users\/1"}],"replies":[{"embeddable":true,"href":"https:\/\/sonja-bagge.de\/index.php?rest_route=%2Fwp%2Fv2%2Fcomments&post=382"}],"version-history":[{"count":11,"href":"https:\/\/sonja-bagge.de\/index.php?rest_route=\/wp\/v2\/pages\/382\/revisions"}],"predecessor-version":[{"id":657,"href":"https:\/\/sonja-bagge.de\/index.php?rest_route=\/wp\/v2\/pages\/382\/revisions\/657"}],"up":[{"embeddable":true,"href":"https:\/\/sonja-bagge.de\/index.php?rest_route=\/wp\/v2\/pages\/8"}],"wp:attachment":[{"href":"https:\/\/sonja-bagge.de\/index.php?rest_route=%2Fwp%2Fv2%2Fmedia&parent=382"}],"curies":[{"name":"wp","href":"https:\/\/api.w.org\/{rel}","templated":true}]}}